 What is the remainder when i is divided by m?
9
Let a be (-2)/(5/((-25)/2)). Suppose -h = -a*h + 96. Let p = -14 - -27. What is the remainder when h is divided by p?
11
Suppose 5*x - 100 = -0*r - 2*r, 5*r + 29 = 3*x. Let a = -7 - -42. What is the remainder when a is divided by x?
17
Suppose 53 = 5*a - 2*c, 4*a - 2*c = 1 + 41. Suppose -y = y + 6, 4*l + 5*y + a = 0. What is the remainder when l*(0 + -2) + 56 is divided by 14?
12
Suppose 0 = -4*q + 20, 4*q = 3*r - 5*r - 8. Let h = r + 16. Suppose 4*j = -2*a + h*j + 24, -5*j + 49 = 4*a. Calculate the remainder when 52 is divided by a.
8
Suppose 39*k = 11*k + 84. Let p = -41 + 121. Suppose -2*c = k*c - p. Calculate the remainder when c is divided by 10.
6
Let g = 86 - 76. Suppose 8*d + 18 = g*d. Let f = -4 + 20. What is the remainder when f is divided by d?
7
Suppose -3*f - 2*h + 31 + 16 = 0, -27 = -2*f + 3*h. Suppose f = 3*p + 2*p. Calculate the remainder when 14 is divided by p.
2
Let v be (-1 - -1)/(-19 - -17). Suppose v*u = -u + 2. Calculate the remainder when 59 is divided by (-1360)/(-90) + u/(-18).
14
Let i = -442 + 531. Calculate the remainder when i is divided by 28.
5
Suppose -v = 4*o + 67 - 242, -2*o + 356 = 2*v. What is the remainder when v is divided by 45?
44
Let k be (162/(-63))/((-3)/14). Let u(h) = h**3 - 11*h**2 - 13*h + 26. What is the remainder when 53 is divided by u(k)?
11
Let g(c) = 22*c**2 + c + 1. Suppose -f + 7 = -k, 1 = 2*f - k - 10. Let o be ((-1)/(-3))/(f/(-12)). Calculate the remainder when 43 is divided by g(o).
21
Let u = 2735 - 2714. Calculate the remainder when 97 is divided by u.
13
Let a(g) = 17*g + 1. Let o be a(1). Let h = 51 + -41. Calculate the remainder when 39 is divided by h/45 + 176/o.
9
Suppose 104 = 3*c + 32. What is the remainder when 983 is divided by c?
23
Let g(d) = -753*d**3 - 2*d**2 + 27*d + 27. What is the remainder when g(-1) is divided by 108?
103
Let q = -3 + 18. Let c = q - -13. Calculate the remainder when 6 is divided by (-78)/(-21) + 8/c.
2
Suppose -7*f + 3*f + 464 = 0. Let x = f - 54. Suppose 4*d - x = -2*j + 2, -92 = -3*j - 5*d. What is the remainder when 47 is divided by j?
23
Suppose 4*x - 2*x - 24 = 0. What is the remainder when 17 is divided by x?
5
Let s be (-17 + 2)*2/(-5). Let y be 21/s*(-16)/(-14). Suppose 0 = y*l + 4*c - 192, l - 134 = -2*l - c. What is the remainder when l is divided by 23?
20
Suppose -57 = -4*f - 5*d, 2*d - 36 = -2*f - 2*d. Let t(w) = -9 - f + 3*w**2 - 2*w + 17. What is the remainder when t(5) is divided by 34?
31
Suppose -3*r + 10 = -3*f + 85, 5*f + 5*r - 105 = 0. Calculate the remainder when 66/((-1)/(-24)*3*6) is divided by f.
19
Suppose -1 = q - 4. Suppose -22*x + 27*x - 15 = 0. Calculate the remainder when x is divided by q.
0
Suppose d + 2*w - 44 = 0, 8*w - 5*w - 46 = -d. Suppose d*p + 470 = 45*p. What is the remainder when p is divided by 32?
30
Let b(n) = -3*n + 13 + 7*n + 14*n - 3*n. Let x(k) = 7*k + 6. Let c(z) = -4*b(z) + 9*x(z). Calculate the remainder when c(7) is divided by 8.
7
Suppose 4*t = 6*t + y - 46, 0 = -3*t + y + 69. Calculate the remainder when 131 is divided by t.
16
Let a(g) = -g**3 + 12*g**2 - 22*g - 20. What is the remainder when a(5) is divided by 24?
21
Let z = 1982 - 1927. What is the remainder when 125 is divided by z?
15
Suppose 0*g = -2*g + 108. Let v = g - 41. What is the remainder when 22 is divided by v?
9
Suppose a = -2*i + 247, 2*i - 4*a + 610 = 7*i. Suppose -3*v + 0*v + i = 0. Let f = v - 21. Calculate the remainder when 61 is divided by f.
19
What is the remainder when (-3 - (-10 - -12)) + 177*1 is divided by 29?
27
Suppose -6*g - 107 = 109. Let m = -19 - g. What is the remainder when m is divided by (40/14)/(1 - (-5)/(-7))?
7
Suppose 177 = 3*x + o - 27, -4*o - 323 = -5*x. Let q = x - 34. Calculate the remainder when q is divided by 18.
15
Let s(k) = 2*k - 1. Let l be s(2). Let m = l - -2. What is the remainder when 17 is divided by m?
2
Suppose -o = -3*i + i - 1, 2*i - 19 = -3*o. Let k = o - 4. Let j(n) = 11*n - 1. What is the remainder when 19 is divided by j(k)?
9
Suppose -19*w - 30 = -25*w. What is the remainder when 64 is divided by w?
4
Let y(g) = -g**2 - g - 1. Let v(l) = -2*l**2 - 16*l + 43. Let c(p) = -v(p) + y(p). Calculate the remainder when 16 is divided by c(-18).
6
Let r = 19 - 4. Calculate the remainder when 85 is divided by r.
10
Let i(y) = -y**3 - y**2 - y + 21. Let t be i(0). Suppose x - 12 = t. What is the remainder when x is divided by 13?
7
Let n = 86 + -81. Calculate the remainder when 22 is divided by n.
2
Suppose -u + 2*r + 16 = u, -4*r = -5*u + 36. Calculate the remainder when (-3 + u)*-3 - -33 is divided by 8.
6
Suppose 55*o = 6124 + 1741. What is the remainder when 421 is divided by o?
135
Suppose 0 = -5*c - 2*j - 2*j + 52, 4*j = -4*c + 44. Let q(t) = 32*t - 34. Calculate the remainder when q(3) is divided by c.
6
Let p = 1780 - 1694. Calculate the remainder when p is divided by 3.
2
Suppose 0*a + a - 27 = 0. Let c(x) = -x + 20. Let s(b) = -b**3 + 4*b**2 + 3*b - 6. Let f be s(4). What is the remainder when a is divided by c(f)?
13
Suppose 3*c - 168 = -c. Let b(d) = -3*d**3 - 4*d**2 - 2*d + 2. Let t be b(-2). Calculate the remainder when c is divided by (6*2/20)/(t/350).
12
Calculate the remainder when (-1 + 26/(-3))/((-59)/177) is divided by 15.
14
Let i(u) = -u**3 + 10*u**2 - 10*u + 20. What is the remainder when 1/(-3)*-2*111 is divided by i(9)?
8
Let z = 20 - 14. Suppose -4*c + 90 = -z*c. Let n = -26 - c. Calculate the remainder when 74 is divided by n.
17
Suppose 3*m - m - 4 = -2*g, -2*g + 3*m = -4. Suppose 4*q = -10 - 6. Let a = q - -8. What is the remainder when a is divided by g?
0
Calculate the remainder when 206 is divided by 18/(-6)*16/(-3).
14
Let l = 70 + -35. Let g(j) = 9*j**2 + 4*j + 9. What is the remainder when g(3) is divided by l?
32
Let o(c) = c**3 + 9*c**2 - 4*c + 1. Let g be (9/15)/((-1)/5). What is the remainder when o(-9) is divided by (3 - 3*g) + -2?
7
Let s = 82 - 82. Suppose -17*l + 6*l + 165 = s. Calculate the remainder when 40 is divided by l.
10
Suppose -550 = -4*l - 2*d, -63*l + 64*l - 5*d - 121 = 0. Calculate the remainder when l is divided by 63.
10
Suppose 0 = -v + 2*i + 15, 0 = -2*v + 3*i + 37 - 5. What is the remainder when 74 is divided by v?
17
Let y = -81 - -114. Suppose -2*q = -q - 3*h - 16, -3*q + 56 = -h. Calculate the remainder when y is divided by q.
14
Suppose 3*k - 2*y = 77, -2*k + 4*y + 108 = 2*k. Suppose -2*u - k = 4*c - 73, u = 5*c + 60. Calculate the remainder when u - (-3)/((-3)/4) is divided by 8.
7
Suppose 0 = 6*m - 66 - 30. What is the remainder when m is divided by 10?
6
Suppose 44 = 2*x + 2*j, 0 = 5*x + 24*j - 25*j - 80. Calculate the remainder when 180 is divided by x.
10
Let z(w) = -w + 273. What is the remainder when z(14) is divided by 65?
64
Suppose 10668 = 33*x - 3852. Calculate the remainder when x is divided by 13.
11
Suppose 2*n = 4*h - 22, -5*n = h - 3*h + 31. Suppose -60 = -5*x + 5*l, -h*x = -0*x + 2*l - 36. What is the remainder when 67 is divided by x?
7
Suppose -87*o + 83*o = -492. What is the remainder when 478 is divided by o?
109
Let d = 153 - 73. Suppose 4*z + 5*l = -z + d, -3*z + 4*l = -34. Suppose 0*y + 2*y - 78 = 0. Calculate the remainder when y is divided by z.
11
What is the remainder when 24/3 - (-1972)/17 is divided by 26?
20
Let i = 26 - 18. Suppose -3*s + 9 = 3*d, 4*s + 2*d - 15 = 1. Calculate the remainder when s/(-15)*3*-14 is divided by i.
6
Let w be 4 + -1*2 - 0. Suppose 2 - 14 = -w*g. What is the remainder when (3 - -3)*128/48 is divided by g?
4
Suppose -52*l = -51*l - 65. What is the remainder when l is divided by 29?
7
Suppose 21 = 5*h + 2*y, 3*y - 9 = -3*h - 0. Calculate the remainder when ((-42)/1)/(1 + -2) is divided by h.
2
Let v(k) = 2*k**2 + 8*k - 10. Let a be v(6). Suppose 5*x = 3*j - 266, -5*x + 198 = 4*j - a. What is the remainder when j is divided by 12?
10
Let b = 3 - 2. Let n(s) = -s + 5. Calculate the remainder when (-91)/(-7) - -2*b is divided by n(-3).
7
Let b(h) = -5*h + 7. Let k be b(0). Let s(y) = -7*y**3 - 2*y**2 + 1. What is the remainder when s(-2) is divided by ((0 - 0) + (k - 6))*13?
10
Let z be (4 + (-24)/9)*3. Suppose -y = z*q - 8, 0*q + 3*y + 6 = -2*q. What is the remainder when 4 + q + (-1 - -1) is divided by 2?
1
Let v(r) 